8*m - 24. Calculate s(0).
8
Suppose z = 7*z - 7386. Let j be (z/(-4))/(((-7)/(-4))/(-7)). Let q(t) = -t - j + 1231. Determine q(-4).
4
Let c(r) = -2*r**3 + 5 - 2 + 5*r**2 + 7*r + r**3. Suppose 0 = 3*v + 15*p - 10*p - 236, 5*p - 164 = -2*v. Suppose -103*z - v = -115*z. Determine c(z).
9
Let w be 1/1*63/7. Suppose -w*f = -28 + 10. Let v(t) = -t - 6*t**2 + t - 6 + 7*t**f - t. Calculate v(0).
-6
Let o(y) = 7*y**3 + 8*y**2 + 61*y + 277. Let x be o(-5). Let d = 705 + x. Let b(c) = -3*c**2 + 3*c + 4. What is b(d)?
-2
Suppose -6 = -5*h + 2*h. Let a be 8/h + (-5 - 12/(-4)). Let x(s) = 15*s**a - 34*s**2 + 20*s**2 + s. Determine x(3).
12
Let g(z) = 3*z + 46. Let v be (35/6 + -2)*(43 - 49). Give g(v).
-23
Let m(w) = 2*w**2 + 3*w - 5. Let o(s) = s**2 - 5*s - 12. Let j be o(-2). Suppose -4*h - 14 = j*f, 5*h + 0 = 4*f - 24. What is m(h)?
15
Let l(d) = -7*d**2 + 2*d - 1. Let t be 9/15*(4 + 1) - -4. Suppose 4*o = t - 3. What is l(o)?
-6
Let i(m) = 18*m**2 - 2*m + 1. Let w(k) = -k**2 - 6*k + 31. Let o be w(-9). Suppose -o*s - 5*n = -42, 0 = -0*n + n - 2. Let j be -5 + -2 + 0 + s. Calculate i(j).
17
Let j be ((-11)/33 + 3)*(3 + (-516)/16). Let g(w) = 8*w + 628. Calculate g(j).
4
Let m(i) = -1616*i**2 + 8 + 3228*i**2 - 6*i - 1614*i**2. Suppose 2*s - 22 = 2*l - 6, 4*l + 5*s - 4 = 0. Give m(l).
0
Let b(n) = -n**2 + 1536*n + 140 + 1530*n - 29 - 3048*n. Calculate b(-5).
-4
Let o(u) be the third derivative of u**4/6 - 20*u**3/3 - 4*u**2 - u + 141. Give o(11).
4
Let l(n) = -5*n**3 + 35*n**2 + 5*n - 25. Let c(j) = j**3 + 5*j**2 - j + 0*j**3 + 5 + 5*j**2 - 17*j**2. Let t(w) = -11*c(w) - 2*l(w). Determine t(7).
2
Let n(w) = -3*w + 3 - 2*w + w - w. Let u(v) = 14*v - 10. Let b be -1 - 12/(-6) - -4. Let t(o) = b*u(o) + 16*n(o). Give t(2).
-22
Let y(f) be the second derivative of f**5/20 + 11*f**4/12 - f**3/6 - 7*f**2 + f. Let z = -649 + 925. Suppose -55 = -271*s + z*s. Determine y(s).
-3
Suppose 0 = -5*u + 3*r - 6, 3*u - 10 = -32*r + 27*r. Let a(k) be the third derivative of -1/6*k**3 + u*k - 1/6*k**4 + 0 + 16*k**2. Calculate a(1).
-5
Let m(r) be the first derivative of -r**2/2 + 9*r - 6. Let f be 3*12/(-9) + 4. Suppose 4*j + 3*j - 77 = f. Determine m(j).
-2
Let c = -1368 - -1393. Let n(a) = a - 27. Determine n(c).
-2
Let w(a) = -1 + 4 + 2 - 6*a. Let j(g) = -g**3 + g**2 - g + 1. Let i(c) = -6*c**3 + 3*c**2 - 2*c + 5. Let t(d) = i(d) - 3*j(d). Let s be t(-1). Calculate w(s).
-19
Let x(i) = 15*i**2 - 2 + 3 + 34*i**3 - 2 - 20*i**2 + 7*i**2. Let s = -5 + 4. Determine x(s).
-33
Let y = -492/5 + 989/10. Let g(k) be the first derivative of -2*k + y*k**2 - 1/4*k**4 + 7 + 0*k**3. Give g(0).
-2
Let v(u) = -u**2 + 8*u + 2. Let n = -392 + 122. Let w be (1/(-3))/(10/n). Calculate v(w).
-7
Let j(y) = 2*y + 28 - 13 + 8. Calculate j(-7).
9
Suppose j = 5*j + 5*l - 17, l + 8 = 3*j. Suppose j*h = -0*h + 5*p + 25, -5*h + 23 = p. Let c(r) = -5*r + 5. Determine c(h).
-20
Let j(p) be the first derivative of -1/3*p**3 - p - 46 + 5*p**2. What is j(10)?
-1
Let m(q) = 2*q + 4. Suppose -7 - 18 = -5*b. Suppose b*n = -5*r - 55, -r - 29 = -30*n + 33*n. Give m(n).
-14
Let o(q) be the first derivative of -88 + 3*q - 9/2*q**2. Calculate o(2).
-15
Let h be 9*(-1 - (-1 - -1)). Let s = 10 + h. Let c(k) = -8*k**3 + 2*k - 1. Let n(a) = 8*a**3 - 2*a + 1. Let f(w) = -2*c(w) - 3*n(w). Give f(s).
-7
Let n = -26 + 29. Let j be n + 1 + 64/8. Suppose -4*t + 1 = -q - 2, -4*q - 5*t = j. Let m(h) = h**2 + h + 3. Determine m(q).
9
Let c(y) = y**2 - 14*y + 8. Suppose -4*p + 40 = 2*j, -39*p + 36*p + 30 = 2*j. What is c(p)?
-32
Suppose 85*m + 86*m + r = 174*m - 19, 0 = -3*r - 21. Let g(p) = 2*p - p - 2*p. Let o(u) = -2*u. Let l(a) = -7*g(a) + 4*o(a). What is l(m)?
-4
Suppose -17*d - 3*f = -15*d - 29, 2*d - 50 = 4*f. Let i(z) = -2 - 7 + d*z - 3 + 2 - 12*z. What is i(2)?
4
Let l(i) = 10*i - 23. Suppose -4*j - 5*k = -1 + 10, 4*k + 4 = -4*j. Determine l(j).
17
Let z(o) = -14*o**3 + 13*o**2 + 30*o - 68. Let u(v) = -5*v**3 + 4*v**2 + 10*v - 24. Let f(c) = -11*u(c) + 4*z(c). What is f(9)?
1
Let g be (-356)/(-10) + (-1)/((-10)/4). Let f be 1*(2/8 + 1179/g). Let n = f - 36. Let k(u) = 3*u + 1. Give k(n).
-8
Let u be (-5)/(3*(-20)/216). Let q(m) = 2*m + 12. Calculate q(u).
48
Suppose -5*y + 585 = 34*y. Let n(w) = -2*w + 32. Give n(y).
2
Let d(l) be the third derivative of -l**7/5040 + l**6/144 + 3*l**5/20 + l**4/3 - 32*l**2. Let c(q) be the third derivative of d(q). Determine c(-5).
10
Let z(i) = 124 - 60 - 7*i - 70. Let l(c) = 38*c + 31. Let t(q) = -2*l(q) - 11*z(q). Determine t(3).
7
Suppose -2 = 2*u + 22. Let y be (0 - -5)*u/(-40)*-4. Let h(d) = d**3 + 5*d**2 - 8*d - 7. What is h(y)?
5
Suppose -342*r + 4 + 3 = -349*r. Let x(s) = 2 + 1 - 4 + 7*s**2 - 2*s. What is x(r)?
8
Let a(s) be the first derivative of 2*s**3/3 - 2*s**2 - 7*s + 2164. What is a(5)?
23
Let n(v) be the second derivative of -1/2*v**2 - 10/3*v**3 + v - 43. Give n(1).
-21
Let y(s) be the second derivative of -s**4/4 - s**3/2 + 2*s**2 - s. Suppose -1134*u + 54 = -1152*u. What is y(u)?
-14
Let m be (24/108 + 13/(-18))*-12. Let v(z) = z**2 - 5*z. Suppose -3 = s - 2. Let x(d) = -d - 1. Let t(g) = s*x(g) - v(g). Calculate t(m).
1
Let w be 459/(-255)*(-30)/18. Let q(z) = -z**3 + 2*z**2 - 3*z. Determine q(w).
-18
Let f(u) = 71*u - 2 - 1 + 72*u + 0 - 141*u. Calculate f(4).
5
Let w(d) = -38*d**2 + 17*d**2 + 12 - 2 + 4*d + 20*d**2 + 5*d. Give w(10).
0
Let r(g) = -7*g**2 + 29*g - 12. Let u(k) = 22*k**2 - 93*k + 36. Let n(o) = 19*r(o) + 6*u(o). What is n(-8)?
-20
Let z be -1 + 0 + 0/2. Let k(m) = -2*m**2 - 2*m. Let o(g) = -18*g**2 - 14*g + 2. Let t(a) = z*o(a) + 10*k(a). Determine t(-5).
-22
Let p(b) = 7*b - 32. Let y(s) = -s**3 + 10*s**2 + 10*s - 165. Let n be y(9). What is p(n)?
10
Suppose 5*r - 5*k - 65 = 0, 4*r + 26*k - 27*k - 70 = 0. Let z(j) = j**2 - 13*j + 66. Calculate z(r).
180
Let j(d) be the first derivative of -2*d**3/3 - d**2 - d + 832. Give j(-4).
-25
Let y(l) = 11*l**3 - 3*l**2 + 5*l + 2. Let r(v) = 1 - 142*v + 86*v - 2*v**2 + 11*v**3 + 60*v. Suppose 0 = -4*z + 2 - 14. Let b(u) = z*r(u) + 2*y(u). Give b(1).
-12
Let m(o) = 3*o - 7 + 2*o + 0*o. Suppose 71*y - 36 = 67*y. Determine m(y).
38
Let j(d) = d**2 + 9*d + 7. Let a = 0 - -4. Let l(g) = -17*g + 102. Let w be l(6). Suppose w = v, -3*m = -a*m - v - 9. Calculate j(m).
7
Let u(a) = 3*a + 7*a**3 - 14*a + 8 + 4*a - 1 + 0 + 8*a**2 - 8*a**3. Let j(i) = i + 6. Let s be j(0). Determine u(s).
37
Let r(u) be the first derivative of u**3/3 - 5*u + 5. Suppose -14 - 7 = -3*m. Let p be 4/(-34) - m/((-833)/14). Determine r(p).
-5
Let t(g) = -g**3 - 3*g**2 + 3*g + 4. Suppose -3*o + 16 - 4 = 0. Suppose -x = -2*x - 4*b - 18, 5*x + 2*b = 0. Suppose x - 14 = o*p. What is t(p)?
-5
Suppose -2*g + 3 + 16 = 5*b, 1 = -g + b. Let q(f) = -2 + f**3 + 3*f**g - 3*f**2. Let l = 1234542 + -1234540. Calculate q(l).
6
Let n(b) = b + 14. Suppose -5*m = -4*s - 14 + 22, m = 3*s + 5. Give n(s).
11
Let s be (1 - 0)/(-2 - (78/20 + -6)). Let d(p) = 87 - 2*p - 143 + 78. Determine d(s).
2
Let u(i) = -i**2 + 20*i - 80. Let v be u(6). Let m be 0 - (-5)/(v - -1). Let h(g) = g**3 - g. Give h(m).
0
Suppose 0*i = -2*b - 5*i - 531, -4*i = 2*b + 536. Let w = b - -283. Let q(y) = y - 12. What is q(w)?
-7
Let d = 4260 - 4157. Let b = 173 + -272. Let j = b + d. Let p(h) = h**3 - 4*h**2 - h + 3. Give p(j).
-1
Let a(t) = 2272*t - 1 - 2272*t + 11*t**2. Suppose -22 = 61*q + 39. Calculate a(q).
10
Suppose 12*z + 96 = 18*z. Let s = 13 - z. Let f(r) = -2*r**2 - 4*r - 4. Calculate f(s).
-10
Let u = -714 - -720. Let b(k) = -10*k - 8. What is b(u)?
-68
Suppose -4*q + 5*d + 93 = 0, 11 + 7 = q + 4*d. Let s(l) = -1 + 54*l - q*l - 31*l + 18*l**2. Give s(1).
18
Suppose -4*a - 2*r = -2670, 3*a - 1733 - 287 = -5*r. Let d = 658 - a. Let z(w) = -8*w + 21. Let j(i) = 3*i - 7. Let y(g) = 11*j(g) + 4*z(g). What is y(d)?
0
Suppose 23 = -3*l - 50*k + 55*k, -l = 4*k - 32. Let b(o) = -6*o + 30. What is b(l)?
6
Let g be ((-6)/(-6))/(2 - (-106)/(-54)). Suppose g - 15 = 4*w. Suppose o = -2*c - c + 26, -w*c + 3*o = -18. Let d(h) = -h - 2. Calculate d(c).
-10
Let l(y) = y**2 + y - 5. Let o(n) = -4*n**2 + 6*n - 6. Let d(w) = -w**3 - 2*w**2 - 8. Let f = -93 - -90. Let c be d(f). Let q be o(c). Determine l(q).
7
Suppose -z - 38 = 3*p, -20 = -6*p + p. Let j be (-50)/z - (-2)/(2/(-3)). Let f(o) = -1